rst derivative of i**3/3 - 2*i**2 + 4*i + 61. Determine m(2).
0
Let a(o) = o**3 - 12*o**2 + 25*o + 9. Let c = 57 - 48. What is a(c)?
-9
Let d(l) be the first derivative of 2*l**3/3 - 19*l**2/2 + l + 279. Determine d(9).
-8
Let p(j) = -j + 7. Let l be (-1)/(-3)*1*0. Give p(l).
7
Let r(o) = -2*o**2 - 7*o + 16. Let g(t) = 3*t**2 + 11*t - 24. Let y(x) = -5*g(x) - 7*r(x). Let l = 1 - 7. Calculate y(l).
8
Suppose u + u = 12. Let i(r) = 2*r + 8*r**2 - u + 6*r**2 - 15*r**2 + 4*r. Calculate i(4).
2
Let q(o) = 3 + 67*o**2 - 68*o**2 - 1 - o**3 + 19 - 2. What is q(0)?
19
Let i(d) = 20 - 54 + 7 + 2*d + 11 + 5. Calculate i(6).
1
Suppose 16 = u + 7. Let h(s) = -29*s - 1 + u*s + 18*s. Determine h(-2).
3
Let a(z) be the third derivative of -z**5/60 + z**4/12 + z**3/6 + 198*z**2. Let p be 1/2 - 2/(-4). Let v be p/(-2) - (-10)/4. Give a(v).
1
Let x(g) = -3*g - 13. Let b be x(-5). Let i(y) = 78*y**2 - 1 - y - 79*y**b - 5 + 7. What is i(2)?
-5
Suppose 20 = -5*d - 0*f + 5*f, 2*d + 2*f = 0. Let v(h) = -5*h**2 + 41*h - 5. Let q(k) = -k**2 + 8*k - 1. Let g(z) = d*v(z) + 11*q(z). Determine g(6).
-1
Let j(o) = -o**2 - 8. Suppose 15 = 3*d, -h = -d + 8 + 7. Let k = 5 + h. Let y be (-1)/2*(5 + k). What is j(y)?
-8
Let g(r) = r**3 - 6*r**2 + 3*r + 2. Let s be (-4)/(-16) + 30/8. Suppose 0 = -4*n, -4*c = -s*n - 0 - 8. Let q be (10/c)/(11/11). Calculate g(q).
-8
Let b = 38 - 32. Let k(r) = -12*r - 5*r**2 + 9*r - 4*r**2 + r**3 + 1 + b*r**2. What is k(4)?
5
Let y(i) = 2*i**2 - 27*i + 15. Let a be y(13). Suppose p = -3*p + 4. Let t(m) = p + 1 - 2 + 4 - a*m. Give t(5).
-6
Suppose -3*s - 4*l + 0*l = -229, -51 = -s + 5*l. Let q(n) = 33*n + 1 - s*n + 42*n. Calculate q(-1).
-3
Let t(a) = 3*a**3 + 3*a**2 + 3*a + 3. Let p = -241 + 239. Calculate t(p).
-15
Let f(o) = 25*o - 7. Suppose -4*a = -8, 19*w = 22*w - a - 4. Calculate f(w).
43
Let n(f) = 5*f**3 + f. Let l(w) = -2*w**3 - w - 1. Let p(q) = -2*l(q) - n(q). What is p(2)?
-4
Let y(g) = g**2 + 2. Suppose 6*f = 50*f + 132. Calculate y(f).
11
Let z be (21/18 - 1)/(2/12). Let n(s) = -41*s + 1. Give n(z).
-40
Let h(s) be the third derivative of -s**7/840 + s**6/120 - s**5/60 + s**4/8 - 4*s**3/3 - 3*s**2. Let n(o) be the first derivative of h(o). Determine n(3).
-3
Suppose -q + 5*w = 19 - 15, w + 28 = -3*q. Let j(s) = -s**3 - 9*s**2 - 7. Calculate j(q).
-7
Let r = -7 + 6. Let c(i) = 4*i**3 + 6*i**2 + 16*i. Let o(d) = -4*d**3 - 5*d**2 - 13*d. Let z(w) = 4*c(w) + 5*o(w). What is z(r)?
4
Suppose -5*t + 60 + 10 = 0. Let a(n) = 4*n - 3*n**2 - t + 13 + 3*n**3 - n. Calculate a(2).
17
Let c(x) = -1036*x - 7 + 1038*x + 5. Give c(2).
2
Let y(u) = 12*u - 2. Let p = 828 - 826. Calculate y(p).
22
Suppose 0 = 4*a - 3*x - x - 20, -2*a = 4*x + 20. Suppose -2*n + 14 = -2*y, a = n + 3*n - 2*y - 20. Let v(r) = -2 - n*r - r + 3*r + 3*r. What is v(3)?
4
Let d(u) = u. Let r(f) = 9*f - 12*f - f**2 - 6*f. Let m(b) = 36*d(b) + 4*r(b). Determine m(-1).
-4
Let i(g) = 29*g + 1. Let m be i(1). Let z = -45 + m. Let r = -10 - z. Let u(o) = -2*o + 2. Determine u(r).
-8
Let h(q) = 12*q**3 + 6 - 26*q**3 + 1 + 4*q**2 + 5*q + 13*q**3. What is h(5)?
7
Let q = 14 + -20. Suppose -6 = -2*h - 0. Let l(u) = -7*u**2 - 1 + 4 - 4*u + 3*u**h - 4*u**3 + 3. Give l(q).
-6
Let f(r) = -r + 20. Let w = -253 - -270. Calculate f(w).
3
Let v(w) = -6*w - 6 + 27*w - 17*w + 7*w**2 + w**3. Give v(-6).
6
Let l(o) = 3*o**2 + 7480*o - 2 - 7486*o + 11*o**3 - 10*o**3. Give l(-4).
6
Let k(m) = -7 - m - 2 + 0. What is k(-7)?
-2
Let b(x) be the second derivative of -x**3/3 - 19*x**2/2 - 68*x. Determine b(-13).
7
Let l(q) = 5*q**2 + 30*q - 10. Let g(i) = -i**2 - 6*i + 2. Let w(t) = -11*g(t) - 2*l(t). Let p = -2 - 3. What is w(p)?
-7
Let m(l) = -9 - l + 1 + 2 + 3. Determine m(-4).
1
Suppose -225 + 55 = 2*p. Let k = p + 91. Let r(m) = -m**2 + 5*m - 5. Calculate r(k).
-11
Let m(v) = -2*v + 2. Suppose 26 = -5*s + 11. Determine m(s).
8
Let a(g) be the third derivative of -1/15*g**5 + 1/3*g**3 + 0*g + 1/120*g**6 + 16*g**2 + 0 + 0*g**4. Give a(4).
2
Let p = 93 + -7. Let n = p + -84. Let q(m) = m**3 - m**2 - 2. Calculate q(n).
2
Suppose 22 = -4*u + 3*u. Let f(g) = g**3 - 6*g**2 + 2*g + 5. Let v be f(4). Let b = u - v. Let o(d) = -d**3 - 3*d**2 - 3*d + 2. Calculate o(b).
11
Suppose -188*g - 12 = -184*g. Let w(f) = -2*f + 1. Calculate w(g).
7
Let v(w) be the first derivative of 2*w**3 + w - 5/2*w**2 - 1/4*w**4 - 1. Let k(d) = 29*d - 111. Let l be k(4). Give v(l).
1
Let n(c) be the third derivative of -c**6/120 - c**5/60 - 7*c**3/6 + c**2. Suppose -22*o + 24 = -19*o, 0 = -3*d + o - 8. Determine n(d).
-7
Let z(x) = -x**3 - x**2 + 8*x + 4. Let f(c) = -142*c - 999. Let n be f(-7). Calculate z(n).
64
Let r(t) = t - 9. Let g(n) = -2*n + 18. Let j(k) = 4*g(k) + 7*r(k). Suppose 2*u = -7*h + 4*h + 28, 4*h + 16 = 4*u. Give j(u).
1
Let k(o) be the second derivative of o**3/3 - 21*o**2/2 - 47*o + 1. What is k(14)?
7
Let c(k) = -3 - 3 - 3 - 1 + 3*k + 7. Give c(-6).
-21
Let a(z) = -z**2 + 6*z - 6. Let i be a(4). Let b(t) = t**2 + t + 3. Let j = 276 - 271. Let v(q) = -2*q**2 - q - 5. Let g(x) = j*v(x) + 8*b(x). Give g(i).
-3
Let m = -80 + 82. Let v(g) = 6*g + 0*g + 4*g**m + 0*g**3 - g**3 - 7*g. Determine v(3).
6
Let a(i) = 3*i. Let y(l) = 3*l**2 + 5*l + 3. Let x(n) = -4*n + 1. Let w be x(1). Let d be y(w). Suppose 4*v = -v + d. What is a(v)?
9
Let a(p) be the second derivative of -p - p**2 + 0 - 1/3*p**3. Let x be 0 + 0 + 4/(-2). Determine a(x).
2
Let g(z) = -4*z**2 - 3*z**2 - z**3 + 0 - 56 + 11*z + 69. Determine g(-8).
-11
Let d(m) be the third derivative of -m**6/120 + m**5/12 - 7*m**4/24 + m**3 + 3*m**2. Let y(a) = -a**3 - 9*a**2 - 11*a - 20. Let l be y(-8). Calculate d(l).
-6
Let o(c) = -c**3 - 6*c**2 + 6*c - 2. Suppose -2*f = 2*j + f - 10, -f = -5*j + 25. Suppose -j*i - 10 = 5*m, 5*i = -5*m + 9*i - 55. What is o(m)?
5
Let y(k) = k**3 - 3*k - 1. Let n = 8 - 4. Suppose -65 = 5*v - 5*s, -17 = n*v - 2*v + s. Let q = v - -8. Determine y(q).
-3
Let x(r) = 54*r + 39. Let a(i) = -29*i - 18. Let l(c) = 11*a(c) + 6*x(c). Determine l(-6).
6
Suppose 0 = -2*l + 3*g + 51, l - g - 3*g = 38. Let i = 18 - l. Let a(d) = 1 + 4 - 4 + i*d**2 - 5*d**2. What is a(-1)?
-4
Let h(g) = 523*g**2 - 2 + g - 524*g**2 - 6. Determine h(0).
-8
Let l(g) = -g**2 - 6*g - 1. Let t be l(-6). Let u = -4 - t. Let d(o) be the third derivative of -o**6/120 - o**5/60 + o**4/8 + o**3/3 + 417*o**2. What is d(u)?
11
Let g(m) = -6*m**2 + 6*m - 1. Let p(d) = 5*d**2 - 5*d + 1. Let c(s) = 2*g(s) + 3*p(s). Give c(-3).
37
Let c(w) = 14*w + 1. Let x be -2 - -10 - (-1 + -4). Let h(g) = 4*g + 4. Let z be h(-4). Let l = x + z. What is c(l)?
15
Let y be ((-4 + 10)/(-2))/(-1). Let u = y + -9. Let i(d) = 4*d**3 + 4*d**2 + 9*d - 2. Let k(j) = j**3 - j**2 + j - 1. Let z(m) = i(m) - 3*k(m). Give z(u).
1
Let s(z) be the second derivative of z**6/180 - z**5/60 - z**4/24 + 7*z**3/6 + 10*z. Let b(x) be the second derivative of s(x). What is b(3)?
11
Let n = -11 - -7. Suppose 0 = 2*t - 2*x - 6, -4*t = 5*x - 10*x - 13. Let w(a) = a + 7*a + a**3 + 2*a**2 - 5*a - 5 + 3*a**t. Determine w(n).
-1
Let g be 5 + (4 - 3)/(2/(-6)). Let w(b) = b**2 - 3*b + 2. Calculate w(g).
0
Let y(i) = -i**3 - 11*i**2 + 13*i + 8. Let u be y(-12). Let k(z) = z**3 + 3*z**2 + z - 5. What is k(u)?
-25
Let y(v) = 3*v + 4. Let w be (-6)/(0 + 15/(-40)). Let j be -10 + 5/(20/w). Calculate y(j).
-14
Suppose 0 = -3*s - f + 16, s + 3*f - 34 + 42 = 0. Let n(k) = k**2 - 6*k - 5. What is n(s)?
2
Let a(l) = 33*l**3 - 2*l - 7 + 7*l - 6*l**2 - 57*l**3 + 23*l**3. Give a(-7).
7
Suppose -3*b = -2*b - 5. Let u(w) = w**2 - 2*w - 6. Calculate u(b).
9
Suppose -18*r - 8 - 46 = 0. Let t(v) = 2*v - 1. Calculate t(r).
-7
Let t(n) = 460 + 3*n - 456 + 0*n. Give t(-4).
-8
Let f(j) = j + 2. Let m(r) = 2*r + 2. Let v be (-22)/55 - 7/(-5). Let h(q) = -q. Let s(z) = v*m(z) + h(z). Let i(k) = 4*f(k) - 5*s(k). Give i(5).
-7
Suppose -2*g - 3*r - 15 = -6*g, -20 = 2*g + 4*r. Let o(h) be the third derivative of 1/120*h**6 - 1/60*h**5 + 0 + 0*h - 5*h**2 + 4/3*h**3 + 0*h**4. Give o(g).
8
Let q(p) be the second derivative of p**4/12 - 7*p**3/6 - 5*p**2/2 + 7*p. Let d = -18 - -27. Let j be (-2 + 15/d)*-21. Determine q(j).
-5
Let w(g) = 2 - g + 0 + 2*g. Let j(v) = -17*v + 95. Let i be j(6). Calculate w(i).
-5
Let y(o) = -o**3 - 4*o**2 - o - 4. Let v be y(-4). 